 d(k) = -t(k) - 2*v(k). What is d(5)?
-1
Let z(j) = -j**2 + 11*j - 8. Suppose 189 - 191 = -c. Let a be ((12/7)/c)/(54/378). Calculate z(a).
22
Let f(j) be the second derivative of j**5/20 - 5*j**4/12 + 3*j**3/2 - 7*j**2 + 94*j. What is f(4)?
6
Let v(z) = z. Let c be v(1). Let t(m) = 211*m - 1885. Let g be t(9). Suppose -41 = g*j + c. Let p(s) = -s**3 - s**2 + 4*s + 4. Calculate p(j).
10
Let b = -33 + 35. Suppose 3*z + 12 = 3*k + 39, -4*k - b*z = 54. Let w be 17/(-3) - (-4)/k. Let r(o) = -o - 7. Give r(w).
-1
Let n(f) be the third derivative of 7*f**4/24 + 4*f**3/3 - 22*f**2 - 2. Let b be n(0). Let d(v) = v - 5. Calculate d(b).
3
Let a(j) = -j**3 + 7*j**2 - 7*j + 8. Suppose -8*l + 14*l - 24 = 0. What is a(l)?
28
Let q be 16/(-6)*(0 - -3). Let p(k) be the third derivative of -k**6/120 - 2*k**5/15 - k**4/24 - k**3 - 15*k**2. Determine p(q).
2
Suppose 70 - 2 = -37*t + 54*t. Let b(x) be the third derivative of x**3 + 0 - 1/24*x**t + 0*x + 5*x**2. Give b(-7).
13
Let d(b) = 16*b - 207. Let v be 1 + 1/(-2) + 20*(-55)/(-88). Determine d(v).
1
Suppose 4*g = 4 + 4. Suppose 0 = 3*f + t + 16, -g*f + 0*t - 12 = t. Let v(d) = -7*d - d**2 - 226 - 226 + 446. What is v(f)?
6
Let g = 21578 + -21582. Let z(b) = 5*b + 14. Give z(g).
-6
Let y(s) = 6*s - 29. Let j be y(13). Let r be (1 - 1)/(-2)*(-49)/j. Let a(t) = 7 - 3*t + t + 7 + t. Give a(r).
14
Let t(m) be the first derivative of 3*m**2/2 + 55*m + 633. Give t(-16).
7
Let s(f) = -2*f**3 - f**2 + 35. Let x(n) = 2*n**3 + n - 35. Let l(a) = 10*s(a) + 11*x(a). What is l(5)?
20
Let x(y) = -14*y - 13. Let v(p) = -5*p - 4. Let o(r) = 11*v(r) - 4*x(r). Suppose -409 = -5*b - 4*w, b - 33 - 56 = w. Suppose b*t - 72 = 91*t. Calculate o(t).
-4
Let n be (3/(-5))/((19 + -12)/105). Let h(z) = -4*z**2 + 34*z - 4. Let b(d) = d**2 - 11*d + 1. Let a(l) = 7*b(l) + 2*h(l). Determine a(n).
-1
Let t(n) = 6*n + n + 4*n - 12*n + n**2 + 1 - n**3. Let o(h) = 4*h**3 - 3*h**2 + 2*h - 6. Let d(u) = -o(u) - 3*t(u). Suppose 2*w = w. Calculate d(w).
3
Let o(v) = v**3 - 3*v**2 - 2*v - 11. Suppose 5*m - 12*s - 7 = -14*s, 3*m + 5*s + 30 = 0. Determine o(m).
29
Let l = -14533 - -14515. Let w(u) = -3*u - 47. Determine w(l).
7
Suppose 3*g - 2*g = -4*p + 3, 2*p - 19 = 3*g. Let m(w) be the first derivative of w**2 + 4*w + 10322. What is m(g)?
-6
Let w be 8/76 - 21156/(-817). Let n(r) = 2*r - 37. Determine n(w).
15
Let r(g) = 6*g - 6. Let s(f) = 45*f + 943. Let n be s(-21). Calculate r(n).
-18
Let j(s) = -20*s**2 + 2*s + 59. Let c(h) = 6*h**2 - h - 19. Let f(z) = 7*c(z) + 2*j(z). Determine f(-5).
50
Let v(d) be the third derivative of d**4/24 - 7*d**3/6 - 5*d**2 + 32*d. Let j = -262 + 272. What is v(j)?
3
Let d be (-2)/(-4) - (0 - (-14)/(-4)). Let w(y) = 20*y - 27. Let o be w(d). Let t = 57 - o. Let r(s) = -s - 5. Determine r(t).
-9
Let t(w) = 4*w**2 - 3*w - 15. Let q be t(-3). Suppose -6*u + 6 = -q. Let s(r) = r**3 - 7*r**2 + 8*r. Give s(u).
12
Let g(m) = 20*m - 79. Let i(d) = 6*d - 26. Suppose -2*y - 6 = -2*z, 91*z - 4*y - 16 = 89*z. Let h(v) = z*g(v) + 7*i(v). What is h(6)?
-12
Suppose -109*c = -143*c + 170. Let w(a) = -42*a + 210. Give w(c).
0
Let v(g) be the third derivative of 0*g - 1/24*g**4 - 1/6*g**3 - 161*g**2 + 0. Give v(-5).
4
Let s be 13 - (6/(-9) + (-13)/3). Let q(w) = 5*w**2 + 22*w - w**3 - 1 - 3*w**2 - s*w. Determine q(3).
2
Suppose 476 = 121*b - 93*b. Let i(k) = 2*k**2 - 35*k + 20. Determine i(b).
3
Suppose -3*q - 2*q = b - 77, 0 = 4*q + 4*b - 68. Let s be 32/q - (-40)/(-300). Let f(j) = 5*j + 0*j + 2*j**s - 7 + 15 - 4. What is f(-3)?
7
Suppose -10 = 50*t - 52*t. Suppose -4*k = q + 3 - 1, -t*q - k = -28. Suppose q*u + 41 = 17. Let m(v) = v - 5. Calculate m(u).
-9
Let p(l) be the first derivative of 4*l**3/3 + 5*l**2/2 - l - 182. Let c(a) = -a**2 + 1. Let n(i) = 5*c(i) + p(i). What is n(-3)?
-20
Let k be -1 + (6 - (4 + -3)). Suppose 7*o + 18 = k*o. Let b(g) be the third derivative of g**4/24 + g**3 - 11*g**2. Calculate b(o).
0
Let t(v) = v**2 + 14*v - 22. Suppose 0 = -8464*z + 8465*z + 16. What is t(z)?
10
Suppose -225 = 151*y - 106*y. Let c(b) be the second derivative of -b**4/12 - b**3/3 + 3*b**2/2 + 10*b - 3. Determine c(y).
-12
Suppose 90*u + 214 = 91*u. Let t = -219 + u. Let d(h) = -h**2 - 6*h + 5. Determine d(t).
10
Let k(g) be the first derivative of -13*g**3/3 - 25*g**2/2 + 4*g - 4674. What is k(-2)?
2
Let t(v) = -v - 16. Let z(k) = k + 11. Let m(c) = -3*t(c) - 4*z(c). Let x(u) be the second derivative of -u**2/2 + u. Let a(j) = m(j) + 2*x(j). Calculate a(4).
-2
Let d(s) = s**3 + s**2 + 2*s + 2. Let q(a) = -a + 52. Let r be q(-13). Suppose -79 = 7*f - r. Determine d(f).
-6
Let a = 3 - 2. Let l(v) be the second derivative of v**4/4 + v**3/6 - v**2 + 9901*v + 1. What is l(a)?
2
Suppose w = -3*r - 0*w + 22, -2*w + 2 = -r. Suppose 33 = -13*d - r. Let b(i) = 4*i - 2*i - 4*i - 3. Determine b(d).
3
Let g(f) be the second derivative of 1/20*f**5 + 1/6*f**3 + 5*f + 5 + 1/12*f**4 + 1/2*f**2. Give g(-1).
0
Suppose -766 + 36 = -4*j + 2*n, -4 = -4*n. Let x = j - 188. Let c(i) = -i**2 - i - 3. Determine c(x).
-23
Let j(m) = -m - 14. Let a be ((-18)/3)/6 - -5. Let z be -9*(10/(-8)*-4 - a). What is j(z)?
-5
Suppose 4*o + 80 = 104. Suppose 4*k + 24 = 2*m, -o*m - 32 = 3*k - 11*m. Let l(b) = -2*b - 9. Give l(k).
-1
Let a(s) be the first derivative of 21*s**2/2 + 4*s + 1405. Calculate a(2).
46
Let m(x) = -21 - 1699*x - 3 + 837*x + 836*x. Calculate m(-1).
2
Let x(c) = 5*c - 7. Let y = 25 - 40. Let b be (-3)/9 - 80/y. Calculate x(b).
18
Let i be (-7)/((-7)/(-4))*-3. Suppose i = 2*w + w. Let z(u) be the third derivative of -u**5/60 - u**4/24 + 2*u**3/3 + 68*u**2. Give z(w).
-16
Suppose -20*t = 11*t - 3782. Suppose t*c - 24 = 116*c. Let s(r) = r**2 - 6*r + 6. Calculate s(c).
-2
Let r(h) = 137*h - 45. Let j(c) = -592*c + 182. Let f(z) = -6*j(z) - 26*r(z). Determine f(10).
-22
Let b(x) = -x**3 - 7*x**2 - 143*x - 830. Let t be b(-6). Let l(z) = z + 19. Give l(t).
11
Let p(i) = i - 86870 + i + 86915 + i. Give p(-15).
0
Suppose -722 = -20*r - 622. Let j(w) be the third derivative of -5/6*w**3 + 10*w**2 + 0 + 7/24*w**4 + 0*w - 1/60*w**r. Give j(4).
7
Let v(f) be the first derivative of f**2/2 + 15*f - 19. Let c be v(-13). Suppose 11*u + c*u = 39. Let h(n) = -n - 3. Give h(u).
-6
Let m(v) = -v**2 + 15*v - 37. Let l(g) = 6*g - 26. Let d be l(5). Let r be m(d). Let o(z) be the third derivative of z**5/60 - z**4/4 - 2*z**2. Determine o(r).
7
Let r(p) be the first derivative of 7*p**2 + 5*p - 3263. Calculate r(-1).
-9
Let h(v) = -3*v - 971 + 436 + 534 - v**2. Give h(-6).
-19
Let w be ((-10)/(-4))/((-14)/(560/(-50))). Let b(g) = -1 - 2 - 4 + 4 + w*g. Determine b(-7).
-17
Let r(s) = 84*s - 665. Let g be r(8). Let k(f) = f**3 - 9*f**2 + 8*f + 1. Determine k(g).
-41
Suppose -14*y - 15 = -9*y. Let p(l) = l**2 + 2*l - 2. Let c(n) = n**2 - 2. Let g(x) = -c(x) + 2*p(x). Give g(y).
-5
Let a(u) = -42*u + 25580 + 13*u - 25580. Give a(-2).
58
Suppose -10*c = -65 + 35. Let g(b) = -3 - 256*b - 6*b**2 + 258*b - 12*b**c + 13*b**3. Give g(5).
-18
Let g(f) be the second derivative of f**4/12 - 3*f**3/2 + 7*f**2 - f - 602. Give g(6).
-4
Let o be -256 + 251 - (-11 + 2 + -1). Suppose 0 = f - 1 + 2. Let p be o - 10 - f/(-1). Let c(g) = g**2 + 7*g + 4. Determine c(p).
-2
Suppose 3*m - z = 3, -2*m - 31 = 3*z - 22. Let g(h) = 8*h - 4*h**3 - h - 6*h - 8 + 5*h**3 + h**2. Determine g(m).
-8
Let a(o) = -4*o + 70. Let p(z) = z**2 - 11*z - 65. Let j be p(16). Give a(j).
10
Let f(q) = -6*q**3 + q**2 - q. Let l(y) = 2*y - 6. Let i be l(-2). Let s be -2 - (i/(-45) - 58/18). Let a be f(s). Let m(x) = -x**2 - 8*x + 1. Give m(a).
13
Let t(y) = 74 - 12*y - 60 - 17*y + 76. Calculate t(3).
3
Suppose -5*i + 4*k - 15 = 0, -2*k + 3*k = i + 3. Let b(m) = -22*m - 16. Let l(r) = -8*r - 6. Let p(x) = -5*b(x) + 14*l(x). What is p(i)?
2
Let j = 609 - 301. Let y be (-5)/(160/j) - 6/16. Let d(z) = z**2 + 11*z + 8. Determine d(y).
-2
Let r(q) be the third derivative of -1/3*q**3 + 0 + 0*q + 1/24*q**4 - 26*q**2. Calculate r(2).
0
Let n = 33 - 74. Let v = -40 - n. Let j(g) = 1. Let c(y) = -y**2 + 7*y - 4. Let l(x) = v*c(x) - 5*j(x). Give l(6).
-3
Let z(j) be the third derivative of -j**6/120 - j**5/12 + 3*j**4/8 + 3*j**3/2 - 9*j**2. Suppose -10*b + 3943 = 4003. Give z(b).
-9
Let s(w) be the second derivative of w